List the prime factors of a.
2, 149
Suppose -3*q = -4*h - 2656 + 12403, -4*h + 5*q = -9749. List the prime factors of h.
2, 3, 7, 29
Let w(m) = 3*m**3 - 4*m**2 - 10*m - 11 - 3*m**2 - 4*m**3 - 2*m**2. Let u be w(-8). Suppose u*p = -5, h = -2*h - 5*p + 85. What are the prime factors of h?
2, 3, 5
Let y = -17 - -73. What are the prime factors of 7/y + (-654)/(-16)?
41
Let o(z) = 171*z**2 - 13*z - 34. List the prime factors of o(-2).
2, 13
Let r(b) be the second derivative of -23*b**3/6 + b**2/2 - 17*b. List the prime factors of r(-5).
2, 29
Let o be (58 + -13)/((-1)/(-3)). What are the prime factors of 11178/o + (-2)/(-10)?
83
Let c = -303 - -532. Suppose 2*s - c = 25. What are the prime factors of s?
127
Suppose 0 = -6*f + f + 25, -4*k = -5*f + 9. Suppose -o - 3*a + 52 = 0, k*o - 5*a = -0*o + 225. Let s = o + 17. What are the prime factors of s?
2, 3
Let b(l) = -l**2 - 16*l - 25. Let t be b(-9). Suppose 2*c = 198 + t. List the prime factors of c.
2, 59
Let b = -68 + 73. Suppose -584 = -6*j + 2*j - 4*a, b*j = 3*a + 762. What are the prime factors of j?
2, 3, 5
Suppose 4*a = 7*a + 2370. List the prime factors of 2/9 - a/9.
2, 11
Let n = 293 + -27. What are the prime factors of n?
2, 7, 19
Suppose -8*x + 10570 = -12926. List the prime factors of x.
3, 11, 89
Let h be 292/6 - (-6)/(-9). Let r = 77 - h. What are the prime factors of r?
29
List the prime factors of 490 + (-3)/6*10.
5, 97
Suppose -9*y + 3499 + 605 = 0. List the prime factors of y.
2, 3, 19
Let m(k) = k**2 + 2*k - 18. Let r(t) = 2*t + 25. Let n be r(-8). What are the prime factors of m(n)?
3
Let q = -475 + 923. What are the prime factors of q?
2, 7
What are the prime factors of 7 + (-3 - -403) - 1?
2, 7, 29
Let i(v) = 42*v**3 - 7*v**2 + v - 11. What are the prime factors of i(4)?
7, 367
Suppose -2*g - 39 = -5*g. Let a(w) = -3*w - 4. Let d(k) = 13*k + 14. Let m(q) = -9*a(q) - 2*d(q). List the prime factors of m(g).
3, 7
Suppose -4 = 4*d + 4. Let s = d + 7. List the prime factors of s.
5
Suppose 3*g - 73 = 5*l, 3*g + 3*l - 74 = 31. What are the prime factors of g?
31
Let v(s) = 3*s**2 + 6*s + 15. Let m be v(-4). Let q = -37 + m. List the prime factors of q.
2
Let d(q) = q**3 + 9*q**2 + 13*q - 6. Suppose 8*r - 3*r = -5*z - 55, -2*r + 3*z + 3 = 0. What are the prime factors of d(r)?
2, 3
Suppose -35 = 2*r + 37. What are the prime factors of r/((-140)/34 + 4)?
2, 3, 17
Let k(c) = 318*c**2 - 10*c - 3. What are the prime factors of k(3)?
3, 23, 41
Let f = -158 + 274. Suppose 5*d = z - 62, z - 2*d - f = -z. What are the prime factors of z?
3, 19
Suppose l = -0*l + 89. Suppose 6*o + 64 = 7*o. Let a = l - o. List the prime factors of a.
5
Let v(m) = -16*m - 108*m**3 - 6 - 6 + 14*m**2 + 109*m**3. What are the prime factors of v(-15)?
3
Let w = -277 - -1082. What are the prime factors of w?
5, 7, 23
Let d(f) = -6*f**2 + 5*f + 10. Let q(z) = 7*z**2 - 6*z - 11. Let s(a) = -6*d(a) - 5*q(a). Let t be s(3). Suppose -t*i - i = -150. List the prime factors of i.
2, 3, 5
Suppose 0 = n - 2*y - 288, 5*y - 152 = 2*n - 729. List the prime factors of n.
2, 11, 13
Let i(m) = m**3 - 14*m**2 + 29*m - 106. What are the prime factors of i(22)?
2, 3, 367
Suppose -5252 + 39080 = 12*j. What are the prime factors of j?
2819
Suppose 3*o = k - 3*k + 43, 4*o + 3*k = 56. Suppose -2*m - o = -107. Suppose 3*y = 2*y + i + 23, 2*y = i + m. What are the prime factors of y?
2, 11
Suppose 148*g - 150*g + 3682 = 4*c, -2*g + 3702 = -c. List the prime factors of g.
43
Suppose u + 3*i - 10 = 0, u + i - 4*i = -2. Suppose 48 = u*f - 20. List the prime factors of (f - 0) + 12/3.
3, 7
Let m(w) = -w**3 - 3*w**2 + 7*w - 9. Suppose 2*c + 10 = y, -c = -2*y + y + 4. What are the prime factors of m(c)?
3, 19
Let i = 8 - -1. Let c = i - 2. Suppose -5*l + 87 - c = 0. What are the prime factors of l?
2
Suppose 227 = -i - 4*u + 57, -5*i + 5*u - 825 = 0. Let t = i - -277. List the prime factors of t.
3, 37
Let q(v) = -2*v**2 - 8*v + 1. Let s be q(5). Let r = -33 - s. What are the prime factors of r?
2, 7
Let d(x) = -49*x + 454. List the prime factors of d(-23).
3, 17, 31
Suppose 0 = -6*z - 3*z. What are the prime factors of ((-24)/2)/(-2 + z)?
2, 3
Let x = 42 - 32. Let w = x - 8. Suppose 28 = w*i - i. List the prime factors of i.
2, 7
Let l(p) = -p**3 + 10*p**2 - 17*p. Let g be l(8). List the prime factors of (-178)/g + (-4)/16.
2, 11
Let b be -10*5/(-30)*3. Suppose 4*k = -2*t - 7 - 21, 4*k + 36 = -4*t. List the prime factors of t - (-4 - b - 0).
5
Let j = -135 - -69. Let c = -20 - j. List the prime factors of c.
2, 23
Suppose 24420 = 49*b + 8201. What are the prime factors of b?
331
Let i(j) = -j - 16. Let n be i(-14). Let d be n/11 + (-138)/(-33). Suppose -8 = -4*q, -3*q + q + 132 = d*u. List the prime factors of u.
2
Suppose 0 = -2*j - 0*j + 68. Let k = 692 + -718. Let m = j + k. List the prime factors of m.
2
Suppose 0 = 3*p + 5*g + 208, -3*p + 2*g + 70 = -4*p. Let z = 92 - p. List the prime factors of z.
2, 79
What are the prime factors of (14238/9)/(-4 - -6*1)?
7, 113
Let a be (-2 - -1)*-1 - 0. List the prime factors of -1 - 0 - (a + -43).
41
Let z(v) = 5*v**2 + v + 9. Let r(k) = -5*k - 5. Let d be r(0). List the prime factors of z(d).
3, 43
Let w be (1*-9)/(4/(32/(-12))). Suppose 0 = w*d - 3*d - 4*c - 588, -3*d = 5*c - 615. What are the prime factors of d?
2, 5
Let n(s) = -4*s - 26. Let l be n(-7). Suppose 0 = 5*t + 2*m - 1476, 4*t - 6*m + l*m = 1192. What are the prime factors of t?
2, 37
Let y = -3 - 6. Let c = y + 11. What are the prime factors of -30*(c - (-2 + 5))?
2, 3, 5
Suppose z = 5*z + 220. Let u be (-980)/z - (-2)/11. Suppose 7 = 2*g - 1, -5*g = -p - u. List the prime factors of p.
2
Suppose -v = -5*k + 26, 3*v + 11 + 2 = 2*k. Let q be 2 + (k + 4)/3. What are the prime factors of (-35)/(-14)*58/q?
29
Let t(v) = 167*v**2 - 9*v + 9. List the prime factors of t(3).
3, 5, 11
List the prime factors of (-1 + 6 - 15)*(6 + -133).
2, 5, 127
Let z = -36 - -29. List the prime factors of 2*-1 + -139*z/7.
137
Let j = -1112 + 1682. What are the prime factors of j?
2, 3, 5, 19
Let x(k) = 15*k**3 + 12*k**2 + 4*k - 5. Let m(l) = -7*l**3 - 6*l**2 - 2*l + 3. Let h(u) = 13*m(u) + 6*x(u). List the prime factors of h(-6).
3, 7
Suppose -1 = -2*f + 7. Suppose -2*r - 2*w + 168 = 0, r - 2*w = 80 + f. List the prime factors of r.
2, 3, 7
Suppose 53*d - 28025 = 34*d. List the prime factors of d.
5, 59
Let u be ((-15)/(-30))/(1/38). Suppose 0 = 2*t + 3*v + u, 4*t + 3*v - 6*v + 47 = 0. Let b = t + 41. What are the prime factors of b?
2, 3, 5
Let b(m) = -4*m**2 - 6*m - 1. Let c(o) = o**2 + o. Let v(j) = b(j) + 5*c(j). List the prime factors of v(-2).
5
Suppose 3*z - 3*j = -j + 46, -2*z = 4*j - 52. Suppose 3 = -u, k - 3*u - 135 = -0*k. Suppose 4*p + z - k = 0. List the prime factors of p.
3
Let d = -24 + 55. Let l = 59 - d. What are the prime factors of 2252/l - (-3)/(-7)?
2, 5
Let n = -1728 + 6503. What are the prime factors of n?
5, 191
Let b(r) = -5 - 1 - 4*r - r**2 + 1 - 7*r. Let n be (2 - 44/8)*2. What are the prime factors of b(n)?
23
What are the prime factors of (15/9)/(1/582)?
2, 5, 97
Let b be 0/((-2)/(-1 + 2)). Suppose 5*a - 5*d - 120 = 0, b = -a + 5*d - 3*d + 20. Let l = a + -7. List the prime factors of l.
3, 7
Suppose -309 = -2*j - 45. Let y = -83 + j. What are the prime factors of y?
7
Suppose 0 = 2*n - 1349 + 71. What are the prime factors of n?
3, 71
Let f(w) = -11 + 2*w - 9 + 6. Let g be f(6). What are the prime factors of (g + 2)/(-1) - -3?
3
Suppose -2*k - 2*k - 5*n = -32, 40 = 5*k + 3*n. Suppose -192 = -k*u + 4*u. Suppose -t - 3 + u = 0. List the prime factors of t.
3, 5
Suppose 16 = 4*t, 0 = 4*q + q + 2*t - 113. Suppose 0 = -o + q + 37. What are the prime factors of o?
2, 29
Suppose -4*d = 5*t + 66, 3*d + 13 = 1. Let p be (-4)/2 - (t + -7). List the prime factors of ((-48)/p)/(3/(-15)).
2
Suppose -15*k + 11*k = z - 1468, -1468 = -4*k - 5*z. List the prime factors of k.
367
Let x = -6852 + 11545. List the prime factors of x.
13, 19
Suppose 4*v + 5 = 1, -3*v = -n + 343. List the prime factors of n.
2, 5, 17
Let j(i) = 18*i + 4. Let x = 37 + -33. List the prime factors of j(x).
2, 19
Let c(f) = -2*f**3 - 4*f**2 - 9*f - 6. What are the prime factors of c(-4)?
2, 47
Let n(l) = 2*l**2 - 16*l - 5. Let v be n(23). Suppose -v = -5*i - 5*s, 3*i -